is the units digit of 8575559?
9
What is the units digit of 3710220?
0
What is the ten thousands digit of 653698?
5
What is the ten thousands digit of 346486?
4
What is the tens digit of 23268912?
1
What is the hundreds digit of 219970?
9
What is the units digit of 160984?
4
What is the ten millions digit of 11988402?
1
What is the units digit of 177024?
4
What is the tens digit of 22636457?
5
What is the hundreds digit of 195460?
4
What is the hundred thousands digit of 1375270?
3
What is the thousands digit of 2834767?
4
What is the hundred thousands digit of 18353180?
3
What is the thousands digit of 418276?
8
What is the units digit of 7670967?
7
What is the hundreds digit of 1205911?
9
What is the hundred thousands digit of 22034761?
0
What is the hundred thousands digit of 2157661?
1
What is the tens digit of 3509078?
7
What is the hundreds digit of 128082?
0
What is the ten thousands digit of 196978?
9
What is the thousands digit of 7899446?
9
What is the thousands digit of 8116?
8
What is the ten thousands digit of 252661?
5
What is the ten thousands digit of 3151585?
5
What is the ten millions digit of 26754465?
2
What is the hundreds digit of 164884?
8
What is the thousands digit of 1856773?
6
What is the ten thousands digit of 17345326?
4
What is the tens digit of 640198?
9
What is the millions digit of 2466152?
2
What is the hundred thousands digit of 3336239?
3
What is the hundreds digit of 4108240?
2
What is the tens digit of 1420?
2
What is the ten thousands digit of 901719?
0
What is the hundred thousands digit of 484394?
4
What is the tens digit of 2340225?
2
What is the units digit of 5237601?
1
What is the ten thousands digit of 314635?
1
What is the hundred thousands digit of 2161593?
1
What is the tens digit of 6334703?
0
What is the hundreds digit of 172647?
6
What is the thousands digit of 188288?
8
What is the ten millions digit of 17758306?
1
What is the ten thousands digit of 541336?
4
What is the ten thousands digit of 402219?
0
What is the units digit of 79463?
3
What is the tens digit of 5742803?
0
What is the tens digit of 410940?
4
What is the hundred thousands digit of 925976?
9
What is the hundreds digit of 427599?
5
What is the hundreds digit of 6575?
5
What is the hundreds digit of 9034638?
6
What is the tens digit of 169956?
5
What is the hundred thousands digit of 494924?
4
What is the tens digit of 4382880?
8
What is the millions digit of 2367034?
2
What is the units digit of 5003162?
2
What is the units digit of 21307048?
8
What is the thousands digit of 2164224?
4
What is the thousands digit of 14309387?
9
What is the thousands digit of 307502?
7
What is the thousands digit of 320269?
0
What is the ten thousands digit of 127412?
2
What is the thousands digit of 448578?
8
What is the units digit of 9638691?
1
What is the units digit of 944933?
3
What is the tens digit of 602759?
5
What is the hundred thousands digit of 5573985?
5
What is the millions digit of 1356656?
1
What is the millions digit of 1392528?
1
What is the thousands digit of 430670?
0
What is the units digit of 195565?
5
What is the millions digit of 7655218?
7
What is the ten thousands digit of 5308574?
0
What is the thousands digit of 215378?
5
What is the units digit of 209684?
4
What is the thousands digit of 977385?
7
What is the millions digit of 2414585?
2
What is the ten thousands digit of 277734?
7
What is the units digit of 8293840?
0
What is the hundred thousands digit of 485717?
4
What is the ten millions digit of 16150588?
1
What is the hundred thousands digit of 11336263?
3
What is the hundred thousands digit of 215757?
2
What is the millions digit of 4146023?
4
What is the thousands digit of 173648?
3
What is the ten thousands digit of 502184?
0
What is the hundred thousands digit of 700132?
7
What is the thousands digit of 55013?
5
What is the hundreds digit of 478354?
3
What is the units digit of 4062691?
1
What is the hundred thousands digit of 8771746?
7
What is the tens digit of 15311089?
8
What is the tens digit of 37539?
3
What is the units digit of 775851?
1
What is the hundreds digit of 504206?
2
What is the tens digit of 199340?
4
What is the units digit of 939091?
1
What is the ten thousands digit of 5461135?
6
What is the millions digit of 4940339?
4
What is the ten thousands digit of 504237?
0
What is the millions digit of 1138732?
1
What is the tens digit of 1131261?
6
What is the hundred thousands digit of 2327286?
3
What is the thousands digit of 113900?
3
What is the hundreds digit of 263963?
9
What is the hundred thousands digit of 2317869?
3
What is the millions digit of 4859757?
4
What is the hundred thousands digit of 16957493?
9
What is the hundred thousands digit of 217345?
2
What is the units digit of 1652503?
3
What is the tens digit of 487302?
0
What is the hundred thousands digit of 8945414?
9
What is the hundred thousands digit of 2596298?
5
What is the millions digit of 1567382?
1
What is the ten thousands digit of 1935367?
3
What is the tens digit of 250002?
0
What is the tens digit of 507446?
4
What is the hundreds digit of 126494?
4
What is the millions digit of 12492444?
2
What is the hundreds digit of 127199?
1
What is the thousands digit of 9372570?
2
What is the hundreds digit of 292472?
4
What is the tens digit of 2539?
3
What is the units digit of 43987?
7
What is the units digit of 7395748?
8
What is the units digit of 20878998?
8
What is the units digit of 16316445?
5
What is the hundred thousands digit of 472342?
4
What is the thousands digit of 19798797?
8
What is the thousands digit of 459315?
9
What is the ten thousands digit of 4435066?
3
What is the thousands digit of 15428794?
8
What is the hundred thousands digit of 284362?
2
What is the ten thousands digit of 918281?
1
What is the millions digit of 32340131?
2
What is the tens digit of 155449?
4
What is the ten thousands digit of 11203?
1
What is the millions digit of 4381993?
4
What is the thousands digit of 12480036?
0
What is the hundreds digit of 892493?
4
What is the hundreds digit of 709518?
5
What is the tens digit of 970010?
1
What is the units digit of 331982?
2
What is the ten thousands digit of 773576?
7
What is the ten thousands digit of 1826257?
2
What is the ten thousands digit of 207083?
0
What is the ten thousands digit of 103185?
0
What is the hundred thousands digit of 531487?
5
What is the thousands digit of 991052?
1
What is the thousands digit of 11755102?
5
What is the tens digit of 1187170?
7
What is the units digit of 369649?
9
What is the tens digit of 1762192?
9
What is the ten thousands digit of 345016?
4
What is the hundreds digit of 782482?
4
What is the millions digit of 5052390?
5
What is the tens digit of 10931?
3
What is the ten thousands digit of 370340?
7
What is the hundred thousands digit of 399489?
3
What is the millions digit of 1838860?
1
What is the units digit of 950015?
5
What is the units digit of 9630193?
3
What is the units digit of 81212?
2
What is the units digit of 557738?
8
What is the thousands digit of 340853?
0
What is the hundred thousands digit of 313256?
3
What is the hundred thousands digit of 675289?
6
What is the hundreds digit of 87976?
9
What is the tens digit of 282762?
6
What is the tens digit of 31399982?
8
What is the ten thousands digit of 491735?
9
What is the units digit of 341671?
1
What is the ten thousands digit of 445649?
4
What is the ten thousands digit of 1008913?
0
What is the ten thousands digit of 13263390?
6
What is the thousands digit of 2468916?
8
What is the thousands digit of 8952275?
2
What is the thousands digit of 19913?
9
What is the hundred thousands digit of 7211915?
2
What is the ten thousands digit of 62613?
6
What is the units digit of 1147601?
1
What is the tens digit of 451518?
1
What is the thousands digit of 291879?
1
What is the ten thousands digit of 561711?
6
What is the units digit of 4656082?
2
What is the ten thousands digit of 238910?
3
What is the hundred thousands digit of 763350?
7
What is the ten thousands digit of 140249?
4
What is the tens digit of 706807?
0
What is the hundreds digit of 323446?
4
What is the hundred thousands digit of 5979127?
9
What is the hundreds digit of 33894?
8
What is the hundreds digit of 